{"id":12,"date":"2023-09-26T11:15:04","date_gmt":"2023-09-26T09:15:04","guid":{"rendered":"https:\/\/daofest.world\/?page_id=12"},"modified":"2024-05-02T18:21:18","modified_gmt":"2024-05-02T16:21:18","slug":"le-tour-de-france","status":"publish","type":"page","link":"https:\/\/daofest.world\/index.php\/le-tour-de-france\/","title":{"rendered":"Le Tour de France"},"content":{"rendered":"\n<h2 class=\"wp-block-heading\">Explorez les Futures DAOFest dans Votre R\u00e9gion<\/h2>\n\n\n\n<h2 class=\"wp-block-heading\">Bienvenue \u00e0 Biarritz, Nice, Clermont-Ferrand, Besan\u00e7on&#8230; !<\/h2>\n\n\n\n<p>Le DAOFest est en route pour une s\u00e9rie d&rsquo;\u00e9v\u00e9nements passionnants dans votre r\u00e9gion. Nous sommes ravis de vous annoncer les prochaines \u00e9tapes de notre voyage :<\/p>\n\n\n\n<ul class=\"wp-block-list\">\n<li><strong>Marseille &#8211; 15 Juin 2023<\/strong> <a href=\"https:\/\/emojipedia.org\/check-mark-button\">\u2705<\/a><\/li>\n\n\n\n<li><strong>Biarritz &#8211; 9 et 10 D\u00e9cembre 2023<\/strong> <a href=\"https:\/\/emojipedia.org\/check-mark-button\">\u2705<\/a><\/li>\n\n\n\n<li><strong>Nice &#8211; Mars 2024<\/strong> <a href=\"https:\/\/emojipedia.org\/check-mark-button\">\u2705<\/a><\/li>\n\n\n\n<li><strong><strong>Besan\u00e7on &#8211; Juin 2024<\/strong><\/strong><\/li>\n\n\n\n<li><strong><strong><strong>Clermont-Ferrand <\/strong><\/strong> &#8211; Septembre 2024<\/strong><\/li>\n\n\n\n<li><strong>Paris &#8211; Novembre 2024<\/strong><\/li>\n<\/ul>\n\n\n\n<p>Chacun de ces \u00e9v\u00e9nements promet d&rsquo;\u00eatre une exp\u00e9rience unique, regorgeant de Hackathons, de conf\u00e9rences sur les DAO, et d&rsquo;ateliers de construction de DAO. Nous sommes impatients de vous accueillir pour plonger dans le monde de la technologie blockchain et des DAO avec nous.<\/p>\n\n\n\n<h2 class=\"wp-block-heading\">La Communaut\u00e9 Locale : Un Pilier de la R\u00e9ussite<\/h2>\n\n\n\n<p>L&rsquo;un des ingr\u00e9dients les plus essentiels pour le succ\u00e8s de tout \u00e9v\u00e9nement DAOFest est la communaut\u00e9 locale. Nous croyons fermement qu&rsquo;il n&rsquo;est souvent pas n\u00e9cessaire de cr\u00e9er une communaut\u00e9 \u00e0 partir de z\u00e9ro. Votre r\u00e9gion poss\u00e8de probablement d\u00e9j\u00e0 des communaut\u00e9s actives ax\u00e9es sur les technologies, la crypto, la blockchain ou la DAO.<\/p>\n\n\n\n<p>Nous vous encourageons \u00e0 explorer et \u00e0 contacter ces communaut\u00e9s locales pour unir vos forces et organiser un DAOFest chez vous. Ensemble, nous pouvons maximiser l&rsquo;impact de cet \u00e9v\u00e9nement, partager des connaissances et des ressources, et cr\u00e9er un espace d&rsquo;innovation sans pareil.<\/p>\n\n\n\n<h2 class=\"wp-block-heading\">Comment Participer ?<\/h2>\n\n\n\n<ul class=\"wp-block-list\">\n<li><strong>R\u00e9servez vos dates :<\/strong> Marquez ces dates sur votre calendrier et assurez-vous de ne pas manquer les prochains DAOFest dans votre r\u00e9gion.<\/li>\n\n\n\n<li><strong>Communiquez avec nous :<\/strong> Si vous \u00eates int\u00e9ress\u00e9 par la collaboration, que vous soyez une communaut\u00e9 locale ou un individu passionn\u00e9, n&rsquo;h\u00e9sitez pas \u00e0 nous contacter. Nous serions ravis de discuter de la mani\u00e8re dont vous pouvez contribuer.<\/li>\n\n\n\n<li><strong>Restez Inform\u00e9 :<\/strong> Restez \u00e0 l&rsquo;aff\u00fbt des mises \u00e0 jour sur nos prochains \u00e9v\u00e9nements en vous inscrivant \u00e0 Telegram et en suivant nos r\u00e9seaux sociaux.<\/li>\n<\/ul>\n\n\n\n<p>Nous sommes convaincus que les DAOFest \u00e0 Biarritz, Nice, Clermont-Ferrand&#8230; seront des moments phares dans le calendrier des passionn\u00e9s de blockchain et de technologie de votre r\u00e9gion. <\/p>\n\n\n\n<div class=\"wp-block-cover is-light wp-duotone-purple-green\"><span aria-hidden=\"true\" class=\"wp-block-cover__background has-background-dim\"><\/span><div class=\"wp-block-cover__inner-container is-layout-flow wp-block-cover-is-layout-flow\">\n<div class=\"wp-block-group is-layout-constrained wp-block-group-is-layout-constrained\">\n<figure class=\"wp-block-gallery has-nested-images columns-default is-cropped wp-block-gallery-1 is-layout-flex wp-block-gallery-is-layout-flex\">\n<figure class=\"wp-block-image size-large\"><img loading=\"lazy\" decoding=\"async\" width=\"1024\" height=\"768\" data-id=\"60\" src=\"https:\/\/daofest.world\/wp-content\/uploads\/2023\/09\/photo_2023-09-28-17.22.54-1024x768.jpeg\" alt=\"\" class=\"wp-image-60\" srcset=\"https:\/\/daofest.world\/wp-content\/uploads\/2023\/09\/photo_2023-09-28-17.22.54-1024x768.jpeg 1024w, https:\/\/daofest.world\/wp-content\/uploads\/2023\/09\/photo_2023-09-28-17.22.54-300x225.jpeg 300w, https:\/\/daofest.world\/wp-content\/uploads\/2023\/09\/photo_2023-09-28-17.22.54-768x576.jpeg 768w, https:\/\/daofest.world\/wp-content\/uploads\/2023\/09\/photo_2023-09-28-17.22.54.jpeg 1280w\" sizes=\"auto, (max-width: 1024px) 100vw, 1024px\" \/><\/figure>\n\n\n\n<figure class=\"wp-block-image size-large\"><img loading=\"lazy\" decoding=\"async\" width=\"1024\" height=\"768\" data-id=\"57\" src=\"https:\/\/daofest.world\/wp-content\/uploads\/2023\/09\/photo_2023-09-28-17.26.03-1024x768.jpeg\" alt=\"\" class=\"wp-image-57\" srcset=\"https:\/\/daofest.world\/wp-content\/uploads\/2023\/09\/photo_2023-09-28-17.26.03-1024x768.jpeg 1024w, https:\/\/daofest.world\/wp-content\/uploads\/2023\/09\/photo_2023-09-28-17.26.03-300x225.jpeg 300w, https:\/\/daofest.world\/wp-content\/uploads\/2023\/09\/photo_2023-09-28-17.26.03-768x576.jpeg 768w, https:\/\/daofest.world\/wp-content\/uploads\/2023\/09\/photo_2023-09-28-17.26.03.jpeg 1280w\" sizes=\"auto, (max-width: 1024px) 100vw, 1024px\" \/><\/figure>\n\n\n\n<figure class=\"wp-block-image size-large\"><img loading=\"lazy\" decoding=\"async\" width=\"461\" height=\"1024\" data-id=\"59\" src=\"https:\/\/daofest.world\/wp-content\/uploads\/2023\/09\/photo_2023-09-28-17.25.03-461x1024.jpeg\" alt=\"\" class=\"wp-image-59\" srcset=\"https:\/\/daofest.world\/wp-content\/uploads\/2023\/09\/photo_2023-09-28-17.25.03-461x1024.jpeg 461w, https:\/\/daofest.world\/wp-content\/uploads\/2023\/09\/photo_2023-09-28-17.25.03-135x300.jpeg 135w, https:\/\/daofest.world\/wp-content\/uploads\/2023\/09\/photo_2023-09-28-17.25.03.jpeg 576w\" sizes=\"auto, (max-width: 461px) 100vw, 461px\" \/><\/figure>\n\n\n\n<figure class=\"wp-block-image size-large\"><img loading=\"lazy\" decoding=\"async\" width=\"461\" height=\"1024\" data-id=\"58\" src=\"https:\/\/daofest.world\/wp-content\/uploads\/2023\/09\/photo_2023-09-28-17.25.10-461x1024.jpeg\" alt=\"\" class=\"wp-image-58\" srcset=\"https:\/\/daofest.world\/wp-content\/uploads\/2023\/09\/photo_2023-09-28-17.25.10-461x1024.jpeg 461w, https:\/\/daofest.world\/wp-content\/uploads\/2023\/09\/photo_2023-09-28-17.25.10-135x300.jpeg 135w, https:\/\/daofest.world\/wp-content\/uploads\/2023\/09\/photo_2023-09-28-17.25.10.jpeg 576w\" sizes=\"auto, (max-width: 461px) 100vw, 461px\" \/><\/figure>\n\n\n\n<figure class=\"wp-block-image size-large\"><img loading=\"lazy\" decoding=\"async\" width=\"1024\" height=\"768\" data-id=\"67\" src=\"https:\/\/daofest.world\/wp-content\/uploads\/2023\/09\/photo_2023-09-28-17.24.21-1024x768.jpeg\" alt=\"\" class=\"wp-image-67\" srcset=\"https:\/\/daofest.world\/wp-content\/uploads\/2023\/09\/photo_2023-09-28-17.24.21-1024x768.jpeg 1024w, https:\/\/daofest.world\/wp-content\/uploads\/2023\/09\/photo_2023-09-28-17.24.21-300x225.jpeg 300w, https:\/\/daofest.world\/wp-content\/uploads\/2023\/09\/photo_2023-09-28-17.24.21-768x576.jpeg 768w, https:\/\/daofest.world\/wp-content\/uploads\/2023\/09\/photo_2023-09-28-17.24.21.jpeg 1280w\" sizes=\"auto, (max-width: 1024px) 100vw, 1024px\" \/><\/figure>\n\n\n\n<figure class=\"wp-block-image size-large\"><img loading=\"lazy\" decoding=\"async\" width=\"1024\" height=\"768\" data-id=\"64\" src=\"https:\/\/daofest.world\/wp-content\/uploads\/2023\/09\/photo_2023-09-28-17.23.32-1024x768.jpeg\" alt=\"\" class=\"wp-image-64\" srcset=\"https:\/\/daofest.world\/wp-content\/uploads\/2023\/09\/photo_2023-09-28-17.23.32-1024x768.jpeg 1024w, https:\/\/daofest.world\/wp-content\/uploads\/2023\/09\/photo_2023-09-28-17.23.32-300x225.jpeg 300w, https:\/\/daofest.world\/wp-content\/uploads\/2023\/09\/photo_2023-09-28-17.23.32-768x576.jpeg 768w, https:\/\/daofest.world\/wp-content\/uploads\/2023\/09\/photo_2023-09-28-17.23.32.jpeg 1280w\" sizes=\"auto, (max-width: 1024px) 100vw, 1024px\" \/><\/figure>\n\n\n\n<figure class=\"wp-block-image size-large\"><img loading=\"lazy\" decoding=\"async\" width=\"1024\" height=\"768\" data-id=\"68\" src=\"https:\/\/daofest.world\/wp-content\/uploads\/2023\/09\/IMG_0879-1024x768.jpeg\" alt=\"\" class=\"wp-image-68\" srcset=\"https:\/\/daofest.world\/wp-content\/uploads\/2023\/09\/IMG_0879-1024x768.jpeg 1024w, https:\/\/daofest.world\/wp-content\/uploads\/2023\/09\/IMG_0879-300x225.jpeg 300w, https:\/\/daofest.world\/wp-content\/uploads\/2023\/09\/IMG_0879-768x576.jpeg 768w, https:\/\/daofest.world\/wp-content\/uploads\/2023\/09\/IMG_0879-1536x1152.jpeg 1536w, https:\/\/daofest.world\/wp-content\/uploads\/2023\/09\/IMG_0879-2048x1536.jpeg 2048w\" sizes=\"auto, (max-width: 1024px) 100vw, 1024px\" \/><\/figure>\n\n\n\n<figure class=\"wp-block-image size-large\"><img loading=\"lazy\" decoding=\"async\" width=\"547\" height=\"1024\" data-id=\"56\" src=\"https:\/\/daofest.world\/wp-content\/uploads\/2023\/09\/photo_2023-09-28-17.23.12-547x1024.jpeg\" alt=\"\" class=\"wp-image-56\" srcset=\"https:\/\/daofest.world\/wp-content\/uploads\/2023\/09\/photo_2023-09-28-17.23.12-547x1024.jpeg 547w, https:\/\/daofest.world\/wp-content\/uploads\/2023\/09\/photo_2023-09-28-17.23.12-160x300.jpeg 160w, https:\/\/daofest.world\/wp-content\/uploads\/2023\/09\/photo_2023-09-28-17.23.12.jpeg 684w\" sizes=\"auto, (max-width: 547px) 100vw, 547px\" \/><\/figure>\n\n\n\n<figure class=\"wp-block-image size-large\"><img loading=\"lazy\" decoding=\"async\" width=\"768\" height=\"1024\" data-id=\"61\" src=\"https:\/\/daofest.world\/wp-content\/uploads\/2023\/09\/photo_2023-09-28-17.23.23-768x1024.jpeg\" alt=\"\" class=\"wp-image-61\" srcset=\"https:\/\/daofest.world\/wp-content\/uploads\/2023\/09\/photo_2023-09-28-17.23.23-768x1024.jpeg 768w, https:\/\/daofest.world\/wp-content\/uploads\/2023\/09\/photo_2023-09-28-17.23.23-225x300.jpeg 225w, https:\/\/daofest.world\/wp-content\/uploads\/2023\/09\/photo_2023-09-28-17.23.23.jpeg 960w\" sizes=\"auto, (max-width: 768px) 100vw, 768px\" \/><\/figure>\n\n\n\n<figure class=\"wp-block-image size-large\"><img loading=\"lazy\" decoding=\"async\" width=\"799\" height=\"1024\" data-id=\"66\" src=\"https:\/\/daofest.world\/wp-content\/uploads\/2023\/09\/photo_2023-09-28-17.24.16-799x1024.jpeg\" alt=\"\" class=\"wp-image-66\" srcset=\"https:\/\/daofest.world\/wp-content\/uploads\/2023\/09\/photo_2023-09-28-17.24.16-799x1024.jpeg 799w, https:\/\/daofest.world\/wp-content\/uploads\/2023\/09\/photo_2023-09-28-17.24.16-234x300.jpeg 234w, https:\/\/daofest.world\/wp-content\/uploads\/2023\/09\/photo_2023-09-28-17.24.16-768x984.jpeg 768w, https:\/\/daofest.world\/wp-content\/uploads\/2023\/09\/photo_2023-09-28-17.24.16.jpeg 999w\" sizes=\"auto, (max-width: 799px) 100vw, 799px\" \/><\/figure>\n<\/figure>\n<\/div>\n<\/div><\/div>\n\n\n\n<p><\/p>\n\n\n\n<p>Rejoignez nous pour c\u00e9l\u00e9brer l&rsquo;innovation, la collaboration et l&rsquo;avenir des DAO.Pour plus d\u2019informations, rejoignez nous <a href=\"https:\/\/t.me\/+FjKeACYLca9jOGZk\">https:\/\/t.me\/+FjKeACYLca9jOGZk<\/a><\/p>\n","protected":false},"excerpt":{"rendered":"<p>Explorez les Futures DAOFest dans Votre R\u00e9gion Bienvenue \u00e0 Biarritz, Nice, Clermont-Ferrand, Besan\u00e7on&#8230; ! Le DAOFest est en route pour une s\u00e9rie d&rsquo;\u00e9v\u00e9nements passionnants dans votre r\u00e9gion. Nous sommes ravis de vous annoncer les prochaines \u00e9tapes de notre voyage : Chacun de ces \u00e9v\u00e9nements promet d&rsquo;\u00eatre une exp\u00e9rience unique, regorgeant de Hackathons, de conf\u00e9rences sur [&hellip;]<\/p>\n","protected":false},"author":1,"featured_media":0,"parent":0,"menu_order":0,"comment_status":"closed","ping_status":"closed","template":"","meta":{"footnotes":""},"class_list":["post-12","page","type-page","status-publish","hentry"],"_links":{"self":[{"href":"https:\/\/daofest.world\/index.php\/wp-json\/wp\/v2\/pages\/12","targetHints":{"allow":["GET"]}}],"collection":[{"href":"https:\/\/daofest.world\/index.php\/wp-json\/wp\/v2\/pages"}],"about":[{"href":"https:\/\/daofest.world\/index.php\/wp-json\/wp\/v2\/types\/page"}],"author":[{"embeddable":true,"href":"https:\/\/daofest.world\/index.php\/wp-json\/wp\/v2\/users\/1"}],"replies":[{"embeddable":true,"href":"https:\/\/daofest.world\/index.php\/wp-json\/wp\/v2\/comments?post=12"}],"version-history":[{"count":16,"href":"https:\/\/daofest.world\/index.php\/wp-json\/wp\/v2\/pages\/12\/revisions"}],"predecessor-version":[{"id":116,"href":"https:\/\/daofest.world\/index.php\/wp-json\/wp\/v2\/pages\/12\/revisions\/116"}],"wp:attachment":[{"href":"https:\/\/daofest.world\/index.php\/wp-json\/wp\/v2\/media?parent=12"}],"curies":[{"name":"wp","href":"https:\/\/api.w.org\/{rel}","templated":true}]}}